{"id":266,"date":"2020-10-16T12:01:53","date_gmt":"2020-10-16T09:01:53","guid":{"rendered":"https:\/\/aniversare.amtap.md\/?page_id=266"},"modified":"2020-10-22T16:42:18","modified_gmt":"2020-10-22T13:42:18","slug":"did-you-know-that","status":"publish","type":"page","link":"https:\/\/aniversare.amtap.md\/?page_id=266","title":{"rendered":"\u0218tia\u021bi c\u0103...?"},"content":{"rendered":"\n<ul><li><p style=\"text-align:justify;\">AMTAP este una din cele mai vechi institu\u021bii superioare de \u00eenv\u0103\u021b\u0103m\u00e2nt din Republica Moldova. La baza fond\u0103rii institu\u021biei a stat conservatorul \u201eUnirea\u201d, deschis la ini\u021biativa lui George Enescu<\/p><\/li><\/ul>\n\n\n\n<ul><li><p style=\"text-align:justify;\">\u00een cl\u0103direa blocului I (str. Alexei Mateevici, nr. 111) Sfatul \u021a\u0103rii a votat Actul istoric al Unirii Basarabiei cu Rom\u00e2nia<\/p><\/li><\/ul>\n\n\n\n<ul><li><p style=\"text-align:justify;\">se afl\u0103 \u00een cl\u0103diri istorice, monumente de arhitectur\u0103 de \u00eensemn\u0103tate&nbsp;na\u021bional\u0103<\/p><\/li><\/ul>\n\n\n\n<ul><li><p style=\"text-align:justify;\">este unica institu\u021bie de \u00eenv\u0103\u021b\u0103m\u00e2nt superior \u00een domeniul artelor. Are un num\u0103r impun\u0103tor de profesori cu titluri onorifice \u2013 circa 100 (Artist al Poporului, Maestru \u00een Art\u0103, Artist Emerit, Om emerit, etc.); 132 profesori \u2013 membri ai uniunilor de crea\u021bie (Uniunea Teatral\u0103, Uniunea Compozitorilor \u0219i Muzicologilor, Uniunea Muzicienilor, Uniunea Scriitorilor, Uniunea Cinea\u0219tilor, Uniunea Arti\u0219tilor Plastici)<\/p><\/li><\/ul>\n\n\n\n<ul><li><p style=\"text-align:justify;\">AMTAP are cea mai bogat\u0103 arhiv\u0103 de folclor muzical. Biblioteca &nbsp;de\u021bine cea mai mare colec\u021bie de documente de muzic\u0103 tip\u0103rit\u0103 (circa 100 mii u. m.). Fonoteca \u0219i Mediateca p\u0103streaz\u0103 un num\u0103r impun\u0103tor de \u00eenregistr\u0103ri audio \u0219i video, unele din ele reprezent\u00e2nd fondul de aur al culturii na\u021bionale<\/p><\/li><\/ul>\n\n\n\n<ul><li><p style=\"text-align:justify;\">este unica institu\u021bie din Republica Moldova unde se realizeaz\u0103 cercetarea prin programe de doctorat \u00een domeniul artelor (muzicologie; art\u0103 teatral\u0103, coregrafic\u0103; art\u0103 cinematografic\u0103 \u0219i TV; &nbsp;arte plastice \u0219i decorative), \u00een domeniul designului \u0219i culturologiei (doctorat de cercetare \u0219i doctorat profesional)<\/p><\/li><\/ul>\n\n\n\n<ul><li><p style=\"text-align:justify;\">se studiaz\u0103 circa 400 de discipline; se predau un num\u0103r mare de lec\u021bii individuale<\/p><\/li><\/ul>\n\n\n\n<ul><li><p style=\"text-align:justify;\">se studiaz\u0103 23 de instrumente muzicale<\/p><\/li><\/ul>\n\n\n\n<ul><li><p style=\"text-align:justify;\">desf\u0103\u0219oar\u0103 o ampl\u0103 activitate artistic\u0103 prin faimoasele colective artistice: Orchestra Simfonic\u0103, Orchestra de Muzic\u0103 Popular\u0103, Orchestra de Jazz, Orchestra de Acordeoni\u0219ti, Fanfara, Corul Mixt,&nbsp; Corul \u201eRenaissance,\u201d Corul de B\u0103rba\u021bi \u201eGavriil Musicescu\u201d<\/p><\/li><\/ul>\n\n\n\n<ul><li><p style=\"text-align:justify;\">organizeaz\u0103 unicul Festival Interna\u021bional al \u0218colilor de Teatru \u0219i Film din Republica Moldova<\/p><\/li><\/ul>\n\n\n\n<ul><li><p style=\"text-align:justify;\">printre absolven\u021bi sunt nume notorii ca Maria Bie\u0219u, Tamara Ciobanu, Ghenadie Ciobanu, Nicolae Botgros, Mihail Muntean, Ghenadie Ciobanu, Svetlana Strezeva, Sofia Rotaru, Serghei Lunchevici, Zlata Tkaci, Eugen Verbe\u0163chi, Victor Ciutac, Mihail Caftanat, Ion Aldea-Teodorovici, Valentin D\u00e2nga, Eugen Doga, Vitalie Rusu, Paulina Zavtoni, Svetlana Toma, Mihai Curag\u0103u, Dina Cocea, Anatol Chiriac, Anastasia Lazariuc, \u015etefan Petrache, Tudor Chiriac, Gheorghe Mustea, Petre Neam\u021bu, Marian St\u00e2rcea, Constantin Moscovici, Zinaida Julea, Vasile \u0219i Vitalie Advahov, Lidia Panfil, Iurie Matei, Vasile S\u00e2tari, Valeriu Jabinschi, Iurie Mahovici, Ilona Stepan, Vladimir Andrie\u015f, Anatol Lapicus, Nicolae Dohotaru,&nbsp; Sandu Grecu, Lumini\u021ba \u021a\u00e2cu, Geta Burlacu, Alex Calancea, Dumitru C\u00e2rciumaru, Petru Haru\u021ba, Nicoleta Esinencu, Anastasia Homi\u021bcaia, Daniela Burlaca \u0219i mul\u021bi al\u021bii<\/p><\/li><\/ul>\n\n\n\n<ul><li><p style=\"text-align:justify;\">despre absolven\u021bii AMTAP pe scenele lumii: pianistul Alexandru Bondureanschi, profesor universitar, prorector al Conservatorului din Moscova, pianista Aurelia Simion \u2013 \u0219ef\u0103 de departament la Universitatea Na\u021bional\u0103 de Arte <em>G. Enescu<\/em> din Ia\u0219i, trompetistul Sergiu C\u00e2rstea \u2013 solist-trompetist la Opera din Timi\u0219oara \u0219i profesor la Universitatea de Vest din Timi\u0219oara, violoncelistul Marin Sme\u0219noi \u2013&nbsp; \u0219ef de partid\u0103 \u00een Orchestra Simfonic\u0103 Radio Stuttgart, violonistul Ilian G\u00e2rne\u021b \u2013 laureat al prestigiosului concurs Regina Elisabeta din Bruxelles, soprana Ina Losi \u2013 solist\u0103 la Metropolitan Opera din New-York, mezzo-soprana Diana Axenti \u2013 solista Operei din Paris, basul Oleg \u021a\u00e2bulico solistul Teatrului Bol\u0219oi din Moscova, designerul Vlad Straticiuc \u2013 laureat al concursului <em>Royal Ascot<\/em> din Marea Britanie, compozitorul Igor Iachimciuc \u2013 profesor la Universitatea din Utah, SUA, compozitoarea Ludmila Chise \u2013 profesoar\u0103 la Universitatea din Texas, soprana Natalia Tanasiiciuc \u2013 solista operei din Zurich.<\/p><\/li><\/ul>\n\n\n\n<figure class=\"wp-block-image size-large\"><img decoding=\"async\" loading=\"lazy\" width=\"1024\" height=\"243\" src=\"https:\/\/aniversare.amtap.md\/wp-content\/uploads\/2020\/10\/t-1024x243.jpg\" alt=\"\" class=\"wp-image-275\"\/><\/figure>\n\n\n\n<p><\/p>\n","protected":false},"excerpt":{"rendered":"<p><!-- wp:list --><\/p>\n<ul>\n<li>\n<p style=\"text-align:justify;\">AMTAP este una din cele mai vechi institu\u021bii superioare de \u00eenv\u0103\u021b\u0103m\u00e2nt din Republica Moldova. La baza fond\u0103rii institu\u021biei a stat conservatorul \u201eUnirea\u201d, deschis la ini\u021biativa lui George Enescu<\/...\n<\/p>\n","protected":false},"author":2,"featured_media":0,"parent":125,"menu_order":3,"comment_status":"closed","ping_status":"closed","template":"","meta":[],"_links":{"self":[{"href":"https:\/\/aniversare.amtap.md\/index.php?rest_route=\/wp\/v2\/pages\/266"}],"collection":[{"href":"https:\/\/aniversare.amtap.md\/index.php?rest_route=\/wp\/v2\/pages"}],"about":[{"href":"https:\/\/aniversare.amtap.md\/index.php?rest_route=\/wp\/v2\/types\/page"}],"author":[{"embeddable":true,"href":"https:\/\/aniversare.amtap.md\/index.php?rest_route=\/wp\/v2\/users\/2"}],"replies":[{"embeddable":true,"href":"https:\/\/aniversare.amtap.md\/index.php?rest_route=%2Fwp%2Fv2%2Fcomments&post=266"}],"version-history":[{"count":9,"href":"https:\/\/aniversare.amtap.md\/index.php?rest_route=\/wp\/v2\/pages\/266\/revisions"}],"predecessor-version":[{"id":1001,"href":"https:\/\/aniversare.amtap.md\/index.php?rest_route=\/wp\/v2\/pages\/266\/revisions\/1001"}],"up":[{"embeddable":true,"href":"https:\/\/aniversare.amtap.md\/index.php?rest_route=\/wp\/v2\/pages\/125"}],"wp:attachment":[{"href":"https:\/\/aniversare.amtap.md\/index.php?rest_route=%2Fwp%2Fv2%2Fmedia&parent=266"}],"curies":[{"name":"wp","href":"https:\/\/api.w.org\/{rel}","templated":true}]}}